/4 - (x - -6).
2, 3, 29
Let k(v) = v + 2. Let t be k(0). Suppose 7*q + 79 = 835. Suppose -2*r - t*r = -q. List the prime factors of r.
3
Suppose 4*d - 71 + 10 = -3*f, 2*d - 37 = 5*f. Suppose d*u = 21*u - 7665. Suppose 0*v + 7*v - u = 0. What are the prime factors of v?
3, 73
Suppose -21*k = 3169 + 737. Let x = k + 864. What are the prime factors of x?
2, 3, 113
Let v(q) = 34*q**3 - 7*q**2 + 7*q - 127. List the prime factors of v(7).
3, 1249
List the prime factors of (-3)/(-51) - 7046970/(-391).
67, 269
Suppose -2*h = -f - 4*f + 83, -3*f + 55 = 4*h. What are the prime factors of f/((-306)/(-240))*(-426)/(-8)?
2, 5, 71
What are the prime factors of (-1)/(-7) + 10*90/(-350)*-16826?
7, 883
Suppose 0 = 5*a - 3*p - 110674, -28*a = -31*a + p + 66402. List the prime factors of a.
22133
Let b = -456 - -450. List the prime factors of (52 + -30)*(-129)/b.
11, 43
Suppose -1482 - 71646 = -44*w. What are the prime factors of w?
2, 3, 277
Let d(j) = 5*j**2 + 7*j - 18. Let y(a) = -a**2 - a + 1. Let g(b) = -d(b) - 4*y(b). Let f be g(7). Let t = f + 75. What are the prime factors of t?
19
What are the prime factors of (1 - 2) + 61606 - 8/(56/49)?
2, 19, 1621
Let j(h) = 21721*h**2 - 14*h + 15. List the prime factors of j(-1).
2, 3, 5, 29
Suppose -25*t = 36*t - t - 685920. What are the prime factors of t?
2, 1429
Suppose 866*j - 16959625 = 519*j. What are the prime factors of j?
5, 17, 23
Let l(r) = 1. Let u(b) = b - 1. Let n(z) = -l(z) - u(z). Let w(m) = -21*m + 7. Let s(x) = -4*n(x) + w(x). What are the prime factors of s(-3)?
2, 29
Suppose -244 = -4*a - 256, 3*m - 13914 = 5*a. What are the prime factors of m?
41, 113
Suppose -496449 = -27*h - 54*h. List the prime factors of h.
3, 227
Let b(o) = -914*o - 951. List the prime factors of b(-17).
29, 503
Suppose -77 = 2*c + 319. Let r be (-1)/2 + (-2 - c/(-12)). Let i(f) = -f**3 - 20*f**2 - 22*f + 31. List the prime factors of i(r).
2, 11
Let k = -682 + 738. Let h = 27 + k. List the prime factors of h.
83
Suppose -9*d = -8*d - y - 9652, 0 = -4*y - 12. List the prime factors of d.
9649
Let p be (-3 - (-12 + 5 + 5))/1. List the prime factors of 839 + p + 1 + -6.
7, 17
Let j(a) = -a**3 - 10*a**2 + 25. Let w be j(-10). Suppose 22*l = w*l - 3132. What are the prime factors of l?
2, 3, 29
Let b be (20/3)/2 + 2/(-6). Suppose b*o + 2*o = 2*r - 56, -2*r - o = -80. List the prime factors of (3 + -1)*1729/r.
7, 13
Let z(m) = 134*m**3 + m**2 + 4*m + 2. Let g be z(-1). Let c = 219 + g. List the prime factors of c.
2, 3, 7
Let a = 11867 - 1395. What are the prime factors of a?
2, 7, 11, 17
Suppose 0 = 9*b - 4*b - 4*p - 33, 2*b - p - 12 = 0. Suppose b*y - 2738 = 4*r - 248, 0 = 2*y + r - 983. List the prime factors of y.
2, 13, 19
Let j(g) = -8*g - 9. Let c be (4 + 28/(-8))/((-2)/16). Let h be (26/(-2))/(3 + c + 2). List the prime factors of j(h).
5, 19
What are the prime factors of (-484)/605 - 172/(-190) - (-1633882)/38?
19, 31, 73
Let a be 4/38 - (-108)/(-171)*-3. What are the prime factors of (0 - 2)/a*-1537?
29, 53
Let i(d) be the first derivative of 62*d**2 - 23*d - 36. Let x be i(-5). Let z = -459 - x. What are the prime factors of z?
2, 23
Let f(b) = 207*b - 25. Let t be f(-9). Let g = -1334 - t. List the prime factors of g.
2, 277
Suppose 18*p = 88289 + 39619. Suppose -5*h = -16*h + p. List the prime factors of h.
2, 17, 19
Let u(b) = -11 + 8*b**3 + 9*b**3 - 3*b - 31*b**3 - 2*b**2. List the prime factors of u(-3).
2, 179
Let l(m) = m**2 + 0*m**2 + 65 + 0*m**2. Let u(y) = y**3 + 20*y**2 - 26*y - 105. Let g be u(-21). What are the prime factors of l(g)?
5, 13
Let k = -97 - -183. Suppose -o + k = -3. Suppose -o = -3*a + 211. What are the prime factors of a?
2, 5
Let v(q) = 6*q + 29. Let m be v(-10). What are the prime factors of (m - -1)/(7 - 1687/238)?
2, 5, 17
Let n(w) = 3*w - 17. Suppose 0 = 2*s - s + 5*q - 20, 4*q + 11 = s. Let x be 10*-4*s/(-50). List the prime factors of n(x).
19
Let u = -5207 + 5222. Let h(c) be the second derivative of 5*c**3/3 + 11*c**2/2 + c. What are the prime factors of h(u)?
7, 23
Let q = 18510 - 12849. What are the prime factors of q?
3, 17, 37
Suppose 4*m - 3*w = -4186 - 3560, -3*m - 3*w = 5799. Let u = -1317 - m. What are the prime factors of u?
2, 3, 103
Suppose 3*b - 263 = 223. Let j be -1*(-5)/2 - 81/b. Suppose -3*t + 3*k + 594 = 0, -5*k + 366 = j*t - k. List the prime factors of t.
193
Suppose -5*c = -5*h + 8*h - 43341, 2*h = -5*c + 28904. What are the prime factors of h?
14437
Let y(r) be the second derivative of r**4/4 - 26*r**3/3 + 45*r**2/2 + 39*r. List the prime factors of y(19).
2, 5, 7
Suppose -5*i + 5*j + 40 = 0, 2*i + 5*j + 31 = 4*i. What are the prime factors of 1/(-4) + i*(-20111)/(-84)?
2, 359
Let n(l) be the first derivative of -l**4/4 + 19*l**3/3 - 15*l**2/2 + 10*l - 87. List the prime factors of n(11).
3, 271
Let k = 247 + -247. List the prime factors of -2 - (k + -729) - 1.
2, 3, 11
Let l = 21 + -21. Suppose 3*w + 3*f - 33 = 96, -4*f + 4 = l. Suppose 2*t + w = 148. What are the prime factors of t?
53
Suppose 4*v + z - 2585 - 2353 = 0, v + z = 1233. Let d = v - 873. What are the prime factors of d?
2, 181
Suppose -250*t + 246*t = 764. Let g = 932 + t. List the prime factors of g.
3, 13, 19
Let i be 5/((-165)/(-39)) - (-2)/(-11). Let g be i*(4 + (-7 - -4)). List the prime factors of (1/2 - 198/(-36))*g.
2, 3
Suppose 0 = -41*l + 92*l + 96*l - 1871604. What are the prime factors of l?
2, 3, 1061
Let l(k) be the third derivative of -k**6/90 - k**5/12 + 11*k**4/24 - 18*k**2. Let g(f) be the second derivative of l(f). List the prime factors of g(-6).
2, 19
Let c be (7 - 38/6)*-3. List the prime factors of (368/12 - -2)*(-27)/c.
3, 7
Suppose 21 = 4*d - 3*u - 4, -3*u = -2*d + 17. What are the prime factors of (4 - d - -2) + (-294)/(-3)?
2, 5
What are the prime factors of ((-173600)/240)/(2/(-42))?
2, 5, 7, 31
Suppose -2*d + 4*j + 265 = 73, 237 = 2*d + 5*j. Suppose 13*n + 5378 - 7224 = 0. Let g = n - d. List the prime factors of g.
2, 3
Suppose 41*q + 3433 = 51*q - 143197. What are the prime factors of q?
11, 31, 43
Let z(p) = -p**3 - 24 + 9 + 7994*p**2 + 0*p**3 - 7964*p**2 + 9*p. List the prime factors of z(30).
3, 5, 17
Suppose 3 + 2 = -a + 4*q, -2*a - 4*q + 26 = 0. Suppose 0 = -a*i + 10*i + 18. Let s = i + 91. What are the prime factors of s?
5, 17
Suppose 5*w - 4*b - 43 = 0, 27 = -0*w + 5*w + 4*b. Suppose 3*t - 4*t - 2*p + 8 = 0, 4*t + 4*p = 24. Suppose w*q - t*q = 21. What are the prime factors of q?
7
Let u(n) = n**2 - 1. Let w(o) = -o**3 + 5*o + 1. Let s(a) = 3*u(a) - w(a). Let r be s(-4). What are the prime factors of (-1 - r)*2/(-4 + 3)?
2
Let f = -69 - -247. Let p = f + 77. List the prime factors of p.
3, 5, 17
Suppose -2*d - 52 = -172. Suppose 38*j - d = 33*j. What are the prime factors of ((-252)/30)/(j/(-160))?
2, 7
Let k = 31 + -35. Let z = k + 22. Suppose -z*m = -15*m - 240. List the prime factors of m.
2, 5
Suppose -16 = -4*w, -3*v + 2*w = -0*v + 8. Suppose -o - 3 + 5 = v, -4*z + 4*o = -3956. List the prime factors of z.
991
Let z = -92 - -95. Let l be (z/2)/(3/4). What are the prime factors of 1 + 71 + 3 - (-6)/l?
2, 3, 13
Suppose 4*u - 64 = -4*u. Suppose -u*h + 7 = 7. Suppose 4*s - 103 - 461 = h. What are the prime factors of s?
3, 47
Suppose -9 = 4*d - 17. Suppose -2*n = -2*c - 4, d*c - 17 = -5*n - 0. List the prime factors of -2 + 1442/21 - (-1)/n.
67
Let u be (-18)/24 - ((-70)/8)/1. List the prime factors of (115 - u)/(-1 + 2).
107
Let r(a) = 146*a**2 - 38*a - 265. What are the prime factors of r(-7)?
3, 5, 53
List the prime factors of (-1 - 1)*(-19)/(-95) - (-5887986)/190.
7, 19, 233
Suppose k + 3*f = 0, -4*k - f - f + 30 = 0. Suppose k*v = v + 40. What are the prime factors of (v - 2)/((-1)/(-9))?
3
Let n(f) = 54*f**2 + 29 - 32 + 11*f**2 + 23 - 11*f**2 - 10*f. List the prime factors of n(4).
2, 211
Let u(w) = -w**3 + w**2 - 4*w + 3. Let d be u(2). List the prime factors of (-1754)/(-10) - d/15*1.
2, 11
Let r(z) = 4*z**2 + 83*z - 74. List the prime factors of r(25).
7, 643
Let u(z) = 35*z**2 - 14*z - 45. List the prime factors of u(-8).
3, 769
Suppose 2635 = 26*v - 31*v. Let b = v + 834. List the prime factors of b.
307
Suppose -2 = -2*m + 3*c, c + 2*c - 14 = -2*m. Suppose 0 = 3*v + m*v + 3227. Let q = v - -679. List the prime factors of q.
2, 109
Let k be